est common divisor of w and 14?
14
Suppose 4*a = 55 + 29. Calculate the greatest common divisor of a and 105.
21
Let u = 11 - 12. Let d be -45*(6/15)/u. What is the greatest common divisor of d and 72?
18
Let d = 12 - 3. Calculate the highest common factor of d and 18.
9
Suppose 0 = 3*v - 6*v + 51. What is the highest common divisor of 85 and v?
17
Let x = 5 + -4. Let n = 5 + x. Suppose 2*i - 99 = -s, -153 = -3*i - n*s + 3*s. Calculate the greatest common factor of i and 12.
12
Let m(a) = 2*a + 6. Let y be m(5). Let s = 13 + -14. Let c be s/2 - 33/(-2). Calculate the greatest common factor of y and c.
16
Suppose i = -5, 0*i = -2*j - i + 29. Let r be (0 + -5 + 6)*153. Calculate the highest common factor of j and r.
17
Let i(c) = -19*c - 6. Let g be i(-9). What is the highest common divisor of g and 33?
33
Let k(a) = -a + 15. Let r be k(7). What is the greatest common divisor of 64 and r?
8
Let m(y) = 3*y - 1. Let x be m(2). Suppose 4*v = -4 + 304. Suppose 3*i = -2*i + v. Calculate the greatest common factor of i and x.
5
Let w = -105 + 215. Calculate the greatest common factor of 10 and w.
10
Suppose -2*s + s = -16. Let x = -3 + s. What is the highest common factor of x and 65?
13
Suppose 0 = z - 4*z + 12. Suppose -z*w = -r + 45, 0*r = 2*r - 2. Let d be 6/3 - (w + -1). Calculate the greatest common divisor of d and 84.
14
Let y be 2 - 2/6*-3. Suppose w + 12 = 3*w. Calculate the highest common factor of w and y.
3
Let s = -129 + 149. Suppose -5*o + 3*o = 2*t - 112, -4*t + 236 = o. What is the highest common divisor of s and t?
20
Suppose 119 = 5*y - j, -5*j + 1 = -4*j. Let c = 0 - 0. Suppose 0 = -5*w + 15 - c. What is the highest common factor of y and w?
3
Let i(s) = 13*s**2 - 2*s + 3. Let u be i(1). Calculate the greatest common factor of 42 and u.
14
Let h be (-8)/2*(-5)/(-1). Let a be (0 + 1)/((-4)/h). Suppose 5 = m + z, m - 3*z - 2*z = a. What is the highest common divisor of m and 5?
5
Suppose 0 = l - 3*g - 12, 4*l - 5*g = 21 + 13. Calculate the greatest common divisor of l and 42.
6
Suppose 4*b - 40 = r, -2*r + 41 = 6*b - 3*b. What is the greatest common divisor of 176 and b?
11
Let j(t) = 38*t + 5. Let i be j(5). Let f = -129 + i. Calculate the highest common divisor of 22 and f.
22
Suppose -2*x + 190 = -0*x. Suppose -133 = 3*t - 10*t. Calculate the highest common factor of t and x.
19
Let j be 78/(-4)*(-32)/(-12). Let y = j + 80. Calculate the greatest common divisor of y and 7.
7
Suppose -3*o + 5*n + 3 - 8 = 0, -o = n + 7. Let r = o - -12. Suppose -3*l - 4*f = -5 - 0, 0 = 4*l + 5*f - r. Calculate the greatest common factor of l and 21.
3
Let s(f) = f + f**3 + 2 + 6*f + 0 - 8*f**2. Let n be s(7). Suppose -3*y = n*y, -5*y - 144 = -2*o. Calculate the highest common factor of o and 8.
8
Suppose 1026 = 4*x - 30. What is the highest common factor of 24 and x?
24
Let q = 313 + -218. Suppose 3*m - q = 268. Calculate the highest common factor of 11 and m.
11
Let q(k) = k**2 + 3*k - 5. Let m be q(-5). Suppose 2*n - 45 = -m*y, 3*y = 2*y - 5*n - 14. What is the highest common divisor of 99 and y?
11
Suppose 25 = -g + 6*g. Suppose 6*x - 4*x - 5*z = 45, -4*z - 84 = -4*x. What is the highest common divisor of x and g?
5
Let t(k) = k**3 - 4*k**2 - 5*k - 6. Let x be t(5). Let b = 17 - x. Calculate the greatest common factor of 161 and b.
23
Let i be 1/1*1 - (8 + -192). What is the highest common divisor of i and 37?
37
Let s = -2 + 62. Calculate the greatest common divisor of 12 and s.
12
Suppose 5*f + 3*m = 20, -1 = m + 4. Let r(x) = x - 9. Let k be r(f). Let l be 8*(2 + (-11)/k). Calculate the highest common divisor of l and 15.
15
Let x be (-136)/(-5) + (-72)/(-90). Calculate the greatest common factor of x and 70.
14
Let i = -13 - -11. Let s be i/(-6)*297/9. Calculate the greatest common divisor of s and 22.
11
Let x be 8/(-12)*6/(-4). Let l = x + 14. Calculate the highest common factor of 3 and l.
3
Let g be (-4 - 7/(-3))*-3. Calculate the greatest common factor of g and 45.
5
Let x(o) = 13*o. Let f be x(4). Suppose a = 3*a - 2*w - 18, 0 = -3*w + 12. What is the highest common factor of f and a?
13
Let f be 260/13 + ((-1)/1)/(-1). Calculate the highest common divisor of 63 and f.
21
Let z be (-8)/(-4*(-1)/(-22)). Let p(u) = 4*u - 17. Let v be p(7). What is the highest common divisor of v and z?
11
Let c(o) = 45*o. Let a be c(1). Suppose 5*r = 5*b + a, 4*r + r = -3*b + 45. Let y be (3/(-2))/(r/(-12)). Calculate the greatest common divisor of 18 and y.
2
Let i = 1 - -2. Suppose -i*l + 252 = l. Let y = 16 + -7. Calculate the greatest common divisor of l and y.
9
Suppose -m - 4 = 4*g, m + 2*g = -m + 10. Suppose 315 = 5*w - m*v + 3*v, 2*v + 258 = 4*w. Suppose -2*n + 8 = -4. What is the highest common divisor of n and w?
6
Suppose 11 - 19 = -2*l. Calculate the highest common factor of l and 36.
4
Let d = 99 - 90. Calculate the greatest common factor of 3 and d.
3
Let n be 6/(4/(-2)) - -2. Let h be n/(-2) - (-15)/10. Suppose h*j + 2 = 0, -o - 4*j - 85 = -4*o. Calculate the greatest common factor of 3 and o.
3
Let n = 69 - -39. Calculate the highest common factor of n and 72.
36
Let w be 2/(-1) + 5 + 2. Suppose 0 = 5*m + f + 9, -4*f + w = -m - 1. Let z be 2/2 - (-9 + m). What is the highest common factor of z and 60?
12
Let s be 22/(-3)*(297/(-2))/9. What is the highest common factor of s and 11?
11
Suppose 2*i - 12 = -3*j, 2 = -3*i - 2*j + 20. Let z(h) = -i + 2 + 4*h - 2*h. Let m be z(4). Calculate the greatest common factor of 1 and m.
1
Let d be (3/6)/((-3)/(-24)). What is the greatest common divisor of 2 and d?
2
Let r be (6 - 3) + 2/1. Let c = -11 - -16. Calculate the highest common factor of c and r.
5
Let n(q) = -q + 6. Let s be n(0). Suppose 2*z = s*z - 684. What is the greatest common factor of 19 and z?
19
Let o = -18 + 9. Let r = o - -49. What is the greatest common divisor of r and 8?
8
Suppose -5*p + 5*k = -60, 7 - 5 = -2*k. Let a(n) = 3*n**3 + 4*n**2 - 6*n - 5. Let s be a(-4). Let l = 12 - s. Calculate the greatest common divisor of p and l.
11
Let t(y) be the second derivative of -y**2 + 1/12*y**4 + 0 + 0*y**3 + 2*y. Let i be t(-2). What is the greatest common factor of 2 and i?
2
Let s(q) = q**3 - 5*q**2 + 4*q - 3. Let y be s(3). Let b = 16 + y. What is the highest common divisor of 49 and b?
7
Let k = -41 - -96. Calculate the greatest common factor of 33 and k.
11
Suppose -6*k = -0*k. Suppose k*h - 17 = -h. What is the highest common divisor of 17 and h?
17
Let a be 106/22 - (5 - (-57)/(-11)). What is the greatest common factor of 5 and a?
5
Suppose -4*z + 2*c = -2*c - 60, z + 1 = -3*c. What is the greatest common factor of 88 and z?
11
Suppose -2*h - 5*w + 0 = -7, 5*h + 3*w = 8. Calculate the greatest common factor of 8 and h.
1
Let i(y) be the second derivative of 0 + 1/12*y**4 + 9/2*y**2 + 3/2*y**3 - 3*y. Let o be i(-8). Calculate the greatest common divisor of o and 4.
1
Let u = 2 + 5. Calculate the greatest common divisor of u and 35.
7
Let j be 2 - 15/(-3)*-2. Let w = j - -24. Calculate the greatest common divisor of w and 16.
16
Let d = 86 + -62. Calculate the highest common divisor of d and 8.
8
Let x be 3 - (3/1 - 2). Suppose x*r - 30 = -3*r. What is the highest common divisor of r and 3?
3
Let o = 74 + 106. What is the greatest common factor of 15 and o?
15
Let o(u) = 2*u**2 - 5*u - 1. Let a be o(5). Calculate the greatest common factor of a and 6.
6
Let l = -60 + 150. Let y(u) be the first derivative of 17*u**3/3 - u**2 - u - 1. Let v be y(-1). Calculate the highest common factor of v and l.
18
Let z = -3 - -27. Suppose 2*f = -0*f + 32. What is the highest common divisor of f and z?
8
Let i = 53 - 9. Suppose -2*s + 16 = 2*s. What is the greatest common divisor of s and i?
4
Suppose 0 = -l - 5*p + 18, 3*p - 1 + 19 = l. Calculate the highest common factor of 18 and l.
18
Let j = -1 + 4. Suppose -2*x - 2*h = j*x - 50, 28 = x + 4*h. What is the greatest common divisor of 32 and x?
8
Suppose -2*u = 2*x - 5*u + 122, -244 = 4*x - 3*u. Let r = x - -94. Calculate the highest common divisor of r and 3.
3
Let b(c) = -c**2 + 23*c + 2. Let v be b(21). What is the greatest common factor of v and 33?
11
Suppose -2*b = -0*b. Suppose b = -5*g, -5*g = -5*z - 2*g + 40. Calculate the highest common factor of 8 and z.
8
Suppose 0 = -3*v - 3*b 